n factor of 2226 and 28?
14
What is the greatest common factor of 128 and 288?
32
What is the highest common factor of 128 and 9152?
64
Calculate the highest common factor of 328 and 410.
82
What is the greatest common factor of 244 and 36?
4
Calculate the greatest common divisor of 3568 and 16.
16
What is the greatest common divisor of 5 and 7120?
5
Calculate the greatest common factor of 20 and 1450.
10
What is the greatest common factor of 10701 and 29?
29
Calculate the greatest common divisor of 2310 and 1771.
77
Calculate the greatest common divisor of 3136 and 560.
112
What is the greatest common divisor of 34 and 16?
2
Calculate the highest common factor of 165 and 275.
55
What is the highest common divisor of 3625 and 25?
25
Calculate the highest common factor of 36 and 63.
9
Calculate the highest common divisor of 308 and 112.
28
What is the highest common divisor of 90 and 18?
18
What is the greatest common factor of 8960 and 70?
70
Calculate the highest common divisor of 82 and 2.
2
Calculate the highest common factor of 574 and 410.
82
What is the highest common factor of 4381 and 104?
13
Calculate the highest common factor of 72 and 96.
24
What is the highest common factor of 59 and 413?
59
What is the greatest common factor of 1428 and 168?
84
Calculate the highest common divisor of 110 and 730.
10
Calculate the greatest common divisor of 588 and 168.
84
What is the highest common factor of 225 and 300?
75
Calculate the greatest common divisor of 1 and 29.
1
What is the highest common factor of 53 and 1?
1
Calculate the greatest common divisor of 320 and 40.
40
Calculate the highest common divisor of 488 and 648.
8
Calculate the highest common factor of 370 and 10.
10
Calculate the greatest common divisor of 14 and 19.
1
What is the greatest common factor of 675 and 425?
25
What is the highest common factor of 15 and 25?
5
Calculate the greatest common factor of 64 and 24832.
64
What is the greatest common divisor of 10 and 9530?
10
Calculate the highest common divisor of 55 and 440.
55
Calculate the highest common divisor of 19197 and 27.
27
Calculate the highest common divisor of 37 and 851.
37
What is the highest common divisor of 1323 and 135?
27
Calculate the greatest common factor of 2 and 368.
2
What is the greatest common divisor of 2817 and 18?
9
Calculate the greatest common divisor of 159 and 3.
3
What is the greatest common divisor of 6972 and 84?
84
Calculate the greatest common divisor of 133 and 427.
7
What is the greatest common divisor of 39 and 429?
39
Calculate the highest common factor of 695 and 15.
5
What is the greatest common divisor of 70 and 2555?
35
What is the highest common divisor of 115 and 207?
23
Calculate the highest common divisor of 71 and 1775.
71
What is the greatest common divisor of 4242 and 42?
42
Calculate the highest common divisor of 184 and 2162.
46
Calculate the greatest common divisor of 376 and 16.
8
What is the greatest common divisor of 875 and 1375?
125
What is the greatest common factor of 7 and 6944?
7
Calculate the highest common factor of 483 and 168.
21
Calculate the highest common factor of 48 and 7408.
16
Calculate the greatest common factor of 72 and 270.
18
What is the greatest common divisor of 130 and 5356?
26
Calculate the greatest common divisor of 1242 and 460.
46
What is the greatest common divisor of 48 and 56?
8
Calculate the highest common factor of 7960 and 40.
40
What is the greatest common divisor of 26 and 1534?
26
What is the greatest common factor of 56 and 14?
14
Calculate the greatest common factor of 2236 and 182.
26
Calculate the highest common divisor of 315 and 168.
21
What is the highest common factor of 5 and 25?
5
Calculate the greatest common divisor of 140 and 460.
20
What is the greatest common divisor of 820 and 100?
20
Calculate the highest common divisor of 105 and 70.
35
What is the greatest common factor of 369 and 533?
41
Calculate the greatest common factor of 68 and 578.
34
What is the greatest common divisor of 1044 and 18?
18
What is the highest common divisor of 4 and 4?
4
Calculate the highest common factor of 2619 and 97.
97
What is the highest common divisor of 105 and 21?
21
What is the highest common factor of 55 and 1133?
11
Calculate the greatest common divisor of 220 and 6400.
20
What is the highest common factor of 16 and 3056?
16
What is the highest common divisor of 312 and 18?
6
Calculate the greatest common divisor of 98 and 644.
14
Calculate the highest common factor of 4633 and 82.
41
Calculate the greatest common factor of 175 and 105.
35
Calculate the highest common factor of 210 and 56.
14
What is the greatest common factor of 300 and 732?
12
Calculate the greatest common factor of 5632 and 11.
11
What is the highest common divisor of 8414 and 14?
14
Calculate the greatest common divisor of 35 and 1610.
35
Calculate the greatest common factor of 231 and 22.
11
Calculate the greatest common divisor of 343 and 833.
49
Calculate the highest common divisor of 5245 and 40.
5
What is the highest common factor of 5900 and 500?
100
Calculate the greatest common divisor of 115 and 460.
115
What is the greatest common divisor of 273 and 147?
21
What is the highest common divisor of 60 and 4?
4
Calculate the highest common divisor of 899 and 87.
29
What is the highest common factor of 810 and 35?
5
Calculate the highest common divisor of 2790 and 90.
90
Calculate the greatest common divisor of 236 and 1003.
59
What is the highest common divisor of 6640 and 160?
80
Calculate the highest common divisor of 32 and 50.
2
Calculate the highest common divisor of 328 and 738.
82
What is the highest common factor of 5 and 470?
5
Calculate the highest common factor of 8200 and 25.
25
Calculate the highest common divisor of 140 and 308.
28
Calculate the highest common divisor of 3278 and 33.
11
Calculate the highest common divisor of 119 and 204.
17
What is the greatest common factor of 3724 and 114?
38
Calculate the highest common divisor of 48 and 1328.
16
Calculate the greatest common factor of 513 and 2.
1
Calculate the greatest common divisor of 46 and 207.
23
What is the highest common factor of 106 and 12?
2
What is the greatest common factor of 1869 and 1068?
267
What is the greatest common divisor of 136 and 2?
2
What is the greatest common divisor of 754 and 116?
58
Calculate the greatest common factor of 19521 and 81.
81
Calculate the greatest common factor of 299 and 52.
13
What is the highest common divisor of 525 and 9075?
75
Calculate the greatest common divisor of 70 and 56.
14
What is the highest common factor of 2 and 39?
1
Calculate the greatest common divisor of 1 and 1.
1
Calculate the highest common divisor of 52 and 13.
13
Calculate the greatest common divisor of 5082 and 14.
14
What is the greatest common factor of 432 and 135?
27
Calculate the highest common factor of 2151 and 3824.
239
Calculate the greatest common divisor of 34 and 51.
17
Calculate the highest common factor of 470 and 94.
94
Calculate the greatest common divisor of 3171 and 42.
21
Calculate the greatest common divisor of 64 and 1192.
8
Calculate the highest common factor of 2842 and 116.
58
What is the highest common divisor of 251 and 48443?
251
Calculate the greatest common factor of 104 and 43576.
104
Calculate the greatest common factor of 1344 and 288.
96
What is the greatest common divisor of 995 and 95?
5
Calculate the highest common divisor of 108 and 72.
36
What is the highest common factor of 493 and 116?
29
Calculate the highest common divisor of 34 and 11458.
34
Calculate the highest common factor of 375 and 1185.
15
Calculate the highest common factor of 128 and 928.
32
Calculate the greatest common divisor of 116 and 580.
116
Calculate the highest common divisor of 18 and 17694.
18
What is the greatest common factor of 52 and 4420?
52
Calculate the highest common divisor of 1152 and 18.
18
What is the highest common divisor of 112 and 98?
14
What is the highest common divisor of 591 and 35854?
197
Calculate the greatest common factor of 2101 and 33.
11
What is the greatest common divisor of 35 and 63?
7
What is the greatest common factor of 136 and 7208?
136
What is the greatest common divisor of 1704 and 672?
24
Calculate th